3*t**2 + 34*t + 24. What is the thousands digit of m(6)?
3
What is the tens digit of 13/13 - (-937 - 0)?
3
Suppose 2*n = -n - 5*g + 9, 25 = -5*n + 5*g. What is the units digit of 111/2 - 1/n?
6
Let d(r) = -483*r**2 - 3*r - 2. Let z be d(-1). Let m be (13/(-13))/(2/z). Suppose 11 - m = -5*l. What is the units digit of l?
6
Suppose 29 = 4*o + 17. Suppose -4*y + 4 = -o*y. Suppose -4*m + 104 = 4*t, -5*t = -y*m - 83 - 2. What is the tens digit of t?
2
Suppose -3*u + 12 = 0, 3*k - 2*u - 4 = -0*u. Suppose -7*n = 3*h - 4*n - 216, 2*h - 138 = -k*n. What is the tens digit of h?
7
Suppose 5 = h + 1, l - 4*h = 802. What is the tens digit of l?
1
Let n = -37 - -40. What is the units digit of (-45)/(-25)*20/n?
2
Suppose 12*p = 476 + 1144. What is the tens digit of p?
3
Let c = 14 + -12. Let f = 1 + c. Suppose -h - f*u = -22, 3*h - 58 = -0*u - u. What is the units digit of h?
9
Suppose p - 6*p + 25 = 0. Let m be 3/((0 + 1)/p). Suppose -22 = -z + m. What is the units digit of z?
7
Suppose 2*n = 4*m - 0*n - 818, -3*n - 612 = -3*m. What is the hundreds digit of m?
2
Let l(b) = -2*b**3 - 15*b**2 - 78*b + 3. What is the units digit of l(-5)?
8
Suppose 11*g - 6*g = 2525. What is the tens digit of g?
0
Let u = 159 + -98. Suppose -k + u = 3*l, 5*k - 5*l + 3*l = 288. What is the tens digit of k?
5
Let d = 975 - 541. What is the units digit of d?
4
Suppose 24 = -4*k - 4*m - m, -5*m = -4*k + 16. Let q be k - (2 - 6/2). Suppose -3*o + 2 - 9 = -p, q = -2*p - 5*o + 36. What is the tens digit of p?
1
Let a = 1627 - 1032. Suppose -109 = 6*z - a. What is the tens digit of z?
8
Suppose 64 + 18 = 2*w. Suppose -3*q + 73 + w = -4*l, -3*l = -5*q + 179. What is the tens digit of q?
3
Let k(f) be the second derivative of 11*f**4/2 + f**3/3 + f**2/2 + f. Suppose -5 + 17 = -12*j. What is the units digit of k(j)?
5
Suppose 1 = 3*c - 5. Suppose 246 + 42 = 4*w. Suppose -c*i - 2*h = 3*h - w, h - 134 = -5*i. What is the units digit of i?
6
Suppose 2*y + 1100 = 4*j, -3*j - 172 = -3*y - 994. What is the hundreds digit of j?
2
Suppose -4*x = -3*a - 32, 12 = 5*a - 2*x + 42. What is the tens digit of (-295)/(-10)*-3*a/6?
5
Suppose t - 4 + 1 = 0. Let i(s) = 2*s**2 + 3. Let n be i(t). Let x = n + -14. What is the units digit of x?
7
Suppose -22 = k + 4*p, 0 = 3*k - 7*p + 3*p - 14. Let q be (16/8)/(k/(-59)). Let d = 88 - q. What is the units digit of d?
9
Let m(z) be the first derivative of -12*z**2 + 6*z + 17. What is the tens digit of m(-2)?
5
Suppose 2*l = 4*z - 2*z - 36, 2*z - 5*l = 27. Suppose -7 - 1 = -4*u. Suppose -v = -z - u. What is the units digit of v?
3
Let i(y) = y**3 - 11*y**2 - 9*y - 18. What is the hundreds digit of i(13)?
2
Suppose 4*n = 4*o + 396, 3*n + 315 = 6*n + 3*o. Suppose -8 = -2*s + 4. Suppose s*k - n = 3*k. What is the tens digit of k?
3
Let d = -53 + 66. Suppose 0 = -c + 45 - d. What is the tens digit of c?
3
What is the hundreds digit of 17210/25 - (-7)/(-5)?
6
Let s = 187 + -39. Suppose -2*x + 620 = s. What is the units digit of x?
6
Suppose -2*k = -5*q + 480 - 2444, -4968 = -5*k - 2*q. What is the units digit of k?
2
Suppose -2800 = -8*m - 0*m. What is the hundreds digit of m?
3
Suppose 3*y - 4*h + 20 = 0, 3*y - h = 6*y - 5. Suppose y = -16*w + 11*w + 475. What is the tens digit of w?
9
Let r(u) = u**2 + 10*u + 5. Let c be r(-10). Suppose 5*b = c*t - 790, 0*t + 469 = 3*t + 2*b. What is the units digit of t?
7
Let y(t) = -t**3 - 6*t**2 - 8*t - 5. Let u = 2 + -13. Let c = u - -6. What is the units digit of y(c)?
0
Suppose -4*p + 316 = -4*m, 0*p + 2*p + 4*m = 182. What is the tens digit of p?
8
Suppose 0*n = -10*n + 220. Suppose 0 = -n*i + 18*i + 244. What is the units digit of i?
1
Let q = 0 - -4. Let r = -10 - q. What is the tens digit of (-56)/2*7/r?
1
Let v(j) = 842*j**2 - 63*j + 62. What is the tens digit of v(1)?
4
Let m(r) = -r**2 + 16. Let q be (-9 + 9)/((-2)/2). What is the tens digit of m(q)?
1
Let j(a) = a**3 + 4*a**2 + a - 3. Let q be j(-5). Let d = 92 + q. What is the tens digit of d?
5
Let c(k) = 168*k - 357. What is the units digit of c(7)?
9
Suppose 111*t = 114*t + 21. What is the hundreds digit of -5 - (-110 - (-2 - t))?
1
Let g(r) = -172*r**3 - 3*r**2 - 12*r - 18. What is the units digit of g(-2)?
0
Suppose -2*p + 4*u = 2*u - 10, -5*p = 3*u - 1. Suppose -5*z + 550 = 5*l, -2*l + 210 = -p*z - z. What is the units digit of l?
8
Suppose 25*f = 27*f - 1240. What is the hundreds digit of f?
6
Let i = -11 + 10. Let x be ((-6)/(-8))/(i/(-4)). Suppose 0 = x*k - 6*k + 24. What is the units digit of k?
8
Let t(o) = -71*o - 112. What is the tens digit of t(-7)?
8
Let x be (1 - 0)/((-6)/24). Let j = 1 - x. What is the units digit of j?
5
What is the units digit of 3/(-6)*(-3)/(30/69280)?
4
Let k(l) be the first derivative of -5/2*l**2 + 2 - l. What is the units digit of k(-4)?
9
Suppose 0 = -2*m - 0*m + 62. Suppose 0 = -37*j + 31*j. Let g = j + m. What is the tens digit of g?
3
Let a(g) = -g**3 - 5*g**2 + 6*g + 2. Let t be a(-6). Suppose -3*v + 2 = -t*v. Suppose -34 = -v*b - 2*i, -4*i - 66 = -5*b + 10. What is the tens digit of b?
1
Let c(j) = -9*j + 33. Let w be c(6). What is the tens digit of 3/(-9) + (-1687)/w?
8
Suppose -5*j = -104 + 34. Let o(w) = w**3 + 14*w**2 + 9*w - 27. Let z be o(-13). Let t = z - j. What is the units digit of t?
1
Suppose 4*w + 5 + 7 = 0, -w - 71 = -2*b. Suppose n = -n - b. What is the units digit of (-2)/(-1) - (n + -8)?
7
Suppose -a - 2*g = -641, -g - 27 = -29. What is the hundreds digit of a?
6
Let y(u) = 5*u**2 + 9*u - 1. What is the units digit of y(8)?
1
Let a(k) = 188*k**2 + 5*k - 5. What is the hundreds digit of a(3)?
7
Let m(b) = -b**2 + 8*b - 2. Let n be m(8). Let r = 7 - n. What is the units digit of 6/r*9 - -2?
8
Let y(j) be the first derivative of j**5/20 - 7*j**4/6 + 2*j**3/3 - 9*j**2 - 8*j + 8. Let t(k) be the first derivative of y(k). What is the tens digit of t(14)?
3
Let t(g) be the second derivative of 9*g - 1/2*g**3 + 0 + 15/2*g**2 + 1/6*g**4. What is the units digit of t(6)?
9
Let d be (-126)/4*48/(-14). Let j = d + -31. What is the units digit of j?
7
Let l be ((1 - 3) + 4 - 3)*-2. What is the tens digit of l/(4 + -3)*213/6?
7
Let u(w) = w - 6. Let x be u(-6). Let v(i) = -i**2 - 3*i - 5*i - 5*i - i + 11. What is the tens digit of v(x)?
3
Suppose 0 = -5*c + 3*i + 4395, c + 2*i - 506 = 360. What is the units digit of c?
6
Let a(u) = 52*u**2 + 22*u**3 - 2*u - 23*u**3 - 12 - 61*u**2. Suppose 0 = n + 2*v + 3, -4*n + n - 3*v - 18 = 0. What is the units digit of a(n)?
6
Let t(u) = -7*u + 2. Let o be t(-9). Suppose 5*d - 79 = -f + 4*f, 4*d - 3*f = o. What is the tens digit of d*(3 + -1 + -1)?
1
Suppose 0*l - 7242 = -6*l. What is the hundreds digit of l?
2
Suppose 0 = 15*b - 4681 + 1141. What is the tens digit of b?
3
Suppose -2 = -a - v + 3, 0 = -2*a + 3*v + 25. Let r be a + -1 + 1 - 3. Suppose -r*u + 32 = -u. What is the units digit of u?
8
Let h be (-2)/8 - 1/8*6. What is the units digit of (h - -4) + -6 + 24?
1
Let g(y) be the second derivative of y**5/60 + y**4/3 - 2*y**3 - 3*y**2 - y. Let n(w) be the first derivative of g(w). What is the units digit of n(-10)?
8
Let x(a) be the third derivative of -13*a**4/12 + a**3/2 + 39*a**2. What is the units digit of x(-4)?
7
Let t = -77 - 2. Let v = t + 120. What is the units digit of v?
1
Suppose 3*w = 2*w - 4*b + 321, 2*w = 4*b + 606. What is the tens digit of w?
0
Let k = 90 - 84. Suppose 424 = k*g - 236. What is the hundreds digit of g?
1
Let o(j) be the second derivative of 2*j**4/3 + j**3/6 + j**2/2 + 5*j. Let c be o(-2). Suppose 4*y - c = -7. What is the units digit of y?
6
Suppose -2*b + 3 = 9. Let m(c) = -4*c**3 + 2*c**2 + 2*c - 5. What is the tens digit of m(b)?
1
Let z(k) = k**3 - 8*k**2 + 7*k - 2. Let w be z(7). What is the tens digit of -46*(2 + 0)/w?
4
Let o be -4 + 1 + 2 + -6. Let i = -5 - o. Suppose 0 = i*s + 2*s - 88. What is the units digit of s?
2
Let o(f) = f**2 - 10*f + 16. What is the hundreds digit of o(-14)?
3
Let w = 68 - 70. Let l(t) = 41*t**2 + t + 3. What is the units digit of l(w)?
5
Let a = 820 + -397. What is the units digit of a?
3
Suppose -3*k + 1163 - 227 = 0. Let g = 485 - k. What is the units digit of g?
3
Suppose -50*i + 212186 = 78336. What is the units digit of i?
7
Let u = -314 + 818. Suppose u = -2*j + 6*j. Suppose -h = -4*h - 3*n + j